= -2*f**2 - f - 16. Determine w(0).
-16
Let q(u) = -20*u**3 + u**2 + 2*u - 2. Determine q(1).
-19
Let g(y) = 97*y + 8. Calculate g(-2).
-186
Let b(h) = 5*h - 86. Calculate b(18).
4
Let g(r) = r + 10. Give g(-10).
0
Let x(m) = -m**2 - 3*m + 11. Calculate x(-7).
-17
Let y(g) = -2*g**2 + 2*g + 49. What is y(6)?
-11
Let k(j) = -j**3 - 16*j**2 - 38*j + 19. What is k(-13)?
6
Let r(t) = -t**3 - 3*t**2 + 5*t - 5. Calculate r(4).
-97
Let j(d) = -d + 16. Give j(12).
4
Let t(b) = -2*b**2 - 4*b + 4. What is t(-6)?
-44
Let x(d) = 3*d**3 + 16*d**2 + 4*d + 12. Determine x(-5).
17
Let o(k) = k**3 - 4*k**2 - 9*k + 6. Determine o(6).
24
Let d(w) = -7*w - 2. What is d(1)?
-9
Let a(t) = -t**2 + 5*t + 1. Give a(9).
-35
Let g(x) = 2*x**3 - 3*x + 2. Calculate g(1).
1
Let m(p) = p**2 - p + 18. What is m(0)?
18
Let v(p) = p + 5. Calculate v(-5).
0
Let p(w) = -w + 7. What is p(4)?
3
Let f(w) = 20*w**3 - 3*w + 3. Give f(1).
20
Let z(b) = -b**3 - 7*b**2 + 19*b + 1. What is z(-9)?
-8
Let r(p) = -97*p**3 - 2*p**2 - p. Calculate r(-1).
96
Let j(o) = -14*o - 83. Determine j(-6).
1
Let r(m) = -m**3 + 7*m**2 + 29*m + 9. What is r(10)?
-1
Let l(m) = -m**2 - 12*m - 3. Calculate l(-9).
24
Let o(d) = -24*d + 1. Give o(1).
-23
Let u(h) = -h - 7. Calculate u(-2).
-5
Let k(t) = 11*t - 56. Give k(6).
10
Let k(r) = 2*r**2 + 18*r + 27. What is k(-7)?
-1
Let y(v) = 55*v - 283. Calculate y(5).
-8
Let n(x) = -x**2 - 8*x + 13. Calculate n(-5).
28
Let g(j) = -46*j + 1. Calculate g(1).
-45
Let g(t) = 31*t + 4. What is g(-4)?
-120
Let n(z) = -z + 37. Calculate n(-16).
53
Let j(f) = -5*f**2 + 15*f - 28. What is j(2)?
-18
Let c(l) = l**2 + 53*l + 243. Give c(-48).
3
Let p(s) = s**2 - 4*s - 10. Determine p(7).
11
Let z(t) = -t**2 - 3*t + 1. Give z(-6).
-17
Let v(n) = 3*n**2 - 11*n + 25. What is v(2)?
15
Let g(s) = s**2 - 9*s - 16. Calculate g(11).
6
Let s(g) = 2*g**2 + 6. Determine s(6).
78
Let w(k) = -k**2 - 1. Calculate w(0).
-1
Let m(q) = -q**2 + 14*q - 7. Determine m(8).
41
Let r(y) = -4*y - 21. Calculate r(-9).
15
Let b(v) = 6*v + 53. What is b(-10)?
-7
Let l(s) = -s**3 - 4*s**2 - 2*s - 9. What is l(-4)?
-1
Let h(f) = -2*f**3 + 33*f**2 - 18*f + 11. What is h(16)?
-21
Let h(a) = 7*a**3. Determine h(2).
56
Let t(p) = 2*p**2 - 67*p + 209. Give t(30).
-1
Let a(v) = -v + 23. Calculate a(16).
7
Let m(f) = f**3 - f**2 + 2*f + 4. Determine m(-4).
-84
Let h(l) = 7*l**2 + 400*l + 49. Determine h(-57).
-8
Let h(b) = 7*b**2 - 92*b + 33. Calculate h(13).
20
Let o(p) = -p + 18. Give o(14).
4
Let i(l) = 17*l - 18. Determine i(2).
16
Let x(w) = -2*w. Calculate x(5).
-10
Let l(t) = -t**3 - 26*t**2 + 2*t + 48. Calculate l(-26).
-4
Let n(j) = -j**3 - 2*j**2 - 3*j. Determine n(-4).
44
Let r(o) = o**2 + 44*o - 12. What is r(-44)?
-12
Let t(w) = -6*w + 26. Determine t(3).
8
Let d(x) = -15*x - 87. Determine d(-6).
3
Let n(z) = -25*z + 9. Determine n(-8).
209
Let p(d) = -d**2 + 5*d - 5. Determine p(1).
-1
Let n(k) = 2*k. Give n(15).
30
Let p(q) = -32*q + 1. Give p(2).
-63
Let t(b) = -b - 29. Give t(-12).
-17
Let o(b) = b**2 + 13*b + 32. Determine o(-11).
10
Let o(u) = 5*u - 2. Determine o(-3).
-17
Let d(r) = -7*r + 89. Determine d(11).
12
Let p(q) = q**3 + 5*q**2 + 3*q + 4. Give p(-4).
8
Let b(f) = 12*f - 85. Give b(6).
-13
Let w(c) = -3*c + 4. Give w(5).
-11
Let v(p) = -p**2 + 21*p - 108. Give v(9).
0
Let n(a) = 2*a**3 + 9*a**2 + 2*a - 6. Determine n(-2).
10
Let b(k) = -k**2 + 14*k - 53. Calculate b(7).
-4
Let z(a) = a**2 - 13*a - 4. Give z(13).
-4
Let s(m) = 25*m + 2. Give s(1).
27
Let u(i) = 69*i**3 - i**2 + 2*i - 2. Calculate u(1).
68
Let m(y) = -y**3 + 6*y**2 + 25*y - 2. What is m(-3)?
4
Let z(c) = -3*c - 7. Calculate z(-11).
26
Let n(z) = 28*z + 74. Calculate n(-3).
-10
Let c(f) = -f**3 - f - 1. What is c(-2)?
9
Let v(o) = -o - 17. What is v(-22)?
5
Let y(s) = -s**3 + 7*s**2 - s + 10. Give y(7).
3
Let z(y) = 6*y**2 - 49*y + 9. What is z(8)?
1
Let p(j) = 7*j**2 - 85*j + 10. What is p(12)?
-2
Let m(v) = 24*v + 846. Calculate m(-35).
6
Let q(k) = k**3 + 7*k**2 - 6*k - 14. Calculate q(-7).
28
Let d(k) = k**2 - 15*k - 10. Determine d(16).
6
Let f(q) = -q**2 + 9*q - 7. Determine f(8).
1
Let p(b) = b**2 + 11*b + 3. What is p(-7)?
-25
Let d(m) = -2*m**3 - 2*m + 6. Determine d(-3).
66
Let c(y) = y**2 + 10*y + 1. Determine c(-5).
-24
Let y(f) = 3*f + 1. Give y(-3).
-8
Let x(l) = l**3 + 31*l**2 - 39*l - 107. Give x(-32).
117
Let q(a) = a + 3. Give q(6).
9
Let h(d) = d**2 - 41*d + 158. Calculate h(37).
10
Let c(q) = -11*q**2 - q. Calculate c(1).
-12
Let w(n) = -n**2 - 4*n + 8. What is w(-8)?
-24
Let f(d) = d**3 + 7*d**2 - d + 19. Give f(-7).
26
Let u(l) = 3*l**3 + 3*l**2 - l - 2. What is u(-2)?
-12
Let p(x) = -11*x**2 + x + 5. Calculate p(3).
-91
Let a(s) = 2*s - 48. What is a(-20)?
-88
Let m(k) = 21*k - 113. Calculate m(6).
13
Let n(y) = y**2 - 5*y + 1. What is n(5)?
1
Let w(j) = j**3 - 20*j**2 + 86*j - 18. Give w(14).
10
Let a(q) = q**2 + 38*q - 76. Calculate a(2).
4
Let i(m) = m**2 - 10*m + 3. Calculate i(0).
3
Let y(u) = u**3 + 10*u**2 - 5*u + 15. Give y(-11).
-51
Let a(n) = n**3 + 28*n**2 - 30*n - 30. Calculate a(-29).
-1
Let v(f) = f**3 - 5*f**2 - 9*f + 22. Determine v(6).
4
Let w(o) = 3*o + 9. Determine w(-3).
0
Let x(s) = 4*s**3 - 4*s**2 + 5*s - 1. What is x(1)?
4
Let g(j) = -j**3 - 3*j**2 + 4*j - 1. Give g(-4).
-1
Let l(x) = 5*x - 26. Calculate l(12).
34
Let s(q) = -q**3 - 4*q**2 + 9*q - 14. Calculate s(-6).
4
Let f(t) = 2*t**2 - 3*t - 4. Determine f(0).
-4
Let x(r) = -28*r**3 + r**2 + r. Calculate x(-1).
28
Let r(m) = 7*m**3 - 2*m**2 + 24*m - 23. Calculate r(1).
6
Let t(h) = h**2 - 18*h + 9. Give t(12).
-63
Let l(q) = -q**2 - 2*q + 46. Calculate l(-8).
-2
Let w(k) = -k**2 - 21*k - 26. What is w(-20)?
-6
Let r(m) = 8*m + 1. Calculate r(1).
9
Let c(t) = 4*t + 13. Give c(13).
65
Let q(j) = 2*j**3 + 19*j**2 + 10*j + 12. What is q(-9)?
3
Let h(w) = -w**3 - 23*w**2 + w - 6. Calculate h(-23).
-29
Let t(f) = -2*f**2 - 34*f + 170. What is t(4)?
2
Let i(f) = -f**3 + 2*f**2 - 3*f + 5. Determine i(3).
-13
Let s(n) = -5*n**3 - n**2 + n - 3. Give s(2).
-45
Let p(z) = -12*z - 127. What is p(-11)?
5
Let g(r) = -r**2 - 10*r + 62. Give g(-14).
6
Let z(v) = -2*v**3 - 5*v**2 + v + 9. Determine z(-3).
15
Let m(i) = i**2 + 4*i - 9. What is m(-5)?
-4
Let i(j) = -7*j + 41. What is i(6)?
-1
Let k(v) = v**2 + 7. Determine k(-6).
43
Let y(k) = -k**3 + 20*k**2 - k + 33. Determine y(20).
13
Let v(c) = c**2 + 22*c + 2. Determine v(-21).
-19
Let d(i) = -i**3 - 12*i**2 - 16*i - 1. Determine d(-11).
54
Let b(u) = 11*u - 14. What is b(4)?
30
Let i(j) = 13*j + 1. Give i(1).
14
Let k(v) = -v**3 + 4*v**2 + 13*v - 4. What is k(8)?
-156
Let s(a) = a**3 - a**2 - 12. Determine s(0).
-12
Let r(n) = 5*n**3 + 2*n**2 + 7*n + 16. Give r(-2).
-30
Let a(u) = -6*u - 6. Give a(-2).
6
Let z(c) = 2*c - 32. Give z(5).
-22
Let u(g) = -g**2 - 30*g - 114. Calculate u(-25).
11
Let z(r) = 7*r - 38. What is z(6)?
4
Let w(f) = -f**2 + f + 14. Calculate w(-7).
-42
Let c(p) = -p**2 + p + 8. Calculate c(0).
8
Let p(u) = 19*u**2 - 3*u + 7. What is p(2)?
77
Let x(p) = p**3 + 3*p**2 + p - 4. Give x(-3).
-7
Let d(f) = 2*f + 7. Give d(-3).
1
Let a(s) = -4*s - 86. Calculate a(-20).
-6
Let q(w) = -21*w**2 + 1. What is q(1)?
-20
Let o(l) = -7*l - 108. Give o(-9).
-45
Let m(a) = 6*a**2 - 276*a + 7. Give m(46).
7
Let a(k) = -k**2 + k + 25. What is a(-9)?
-65
Let s(t) = 4*t**2 + 2*t + 1. What is s(-1)?
3
Let z(w) = w**3 - 11*w**2 + 8*w + 12. Determine z(10).
-8
Let q(j) = -j**3 + 14*j**2 - 10*j + 17. Give q(13).
56
Let n(a) = 3*a**2 + 37*a + 101. Determine n(-3).
17
Let m(v) = -v**3 - 12*v**2 - v - 5. What is m(-12)?
7
Let g(f) = -f**2 + 8. Give g(5).
-17
Let d(v) = -v**3 - 4*v**2 + 11*v + 43. What is d(-4)?
-1
Let o(l) = l + 24. Determine o(-12).
12
Let n(h) = -h**2 + 10*h + 96. Give n(-6).
0
Let t(o) = -o**3 - 7*o**2 - 2*o - 1. Calculate t(-4).
-41
Let c(f) = 2*f**2 - 7*f. Determine c(-5).
85
Let g(i) = -i**3 + 12*i**2 + 12*i + 8. Give g(13).
-5
Let h(z) = -4*z + 145. Give h(38).
-7
Let c(i) = 3*i**2 - 2*i - 2. What is c(-1)?
3
Let o(h) = -h**3 + 5*h**2 - 5*h - 5. What is o(5)?
-30
Let v(y) = y**3 + 14*y**2 + 2*y + 18. Determine v(-14).
-10
Let v(b) = b - 10. Determine v(8).
-2
Let y(n) = -5*n - 7. Give y(-4).
13
Let s(i) = i - 11. Calculate s(-10).
-21
Let q(a) = -14*a + 11. 